{"id":1731,"date":"2023-11-27T14:44:27","date_gmt":"2023-11-27T17:44:27","guid":{"rendered":"https:\/\/doshasemporio.com.br\/?post_type=product&#038;p=1731"},"modified":"2025-11-28T07:04:49","modified_gmt":"2025-11-28T10:04:49","slug":"ghee-manteiga-clarificada-200ml","status":"publish","type":"product","link":"https:\/\/doshasemporio.com.br\/index.php\/produto\/ghee-manteiga-clarificada-200ml\/","title":{"rendered":"Ghee Manteiga clarificada 200ml"},"content":{"rendered":"<p><strong>Manteiga clarificada de primeira qualidade sem sal.<\/strong><\/p>\n<p>Muito usada na culin\u00e1ria, tratamentos e no detox Anti-ama, a manteiga Ghee \u00e9 considerada rem\u00e9dio para Ayurveda.<\/p>\n<p>Por ter uma consist\u00eancia muito parecida com nosso plasma, Ghee chega nas profundezas dos nossos tecidos levando todas as vitaminas, nutrientes e os medicamentos onde precisam chegar<\/p>\n<p>Pode ser consumida no dia a dia, usada no preparo das refei\u00e7\u00f5es, acrescentada em alimentos muito secos para auxiliar a digest\u00e3o principalmente de pessoas mais Vatas que sofrem com a secura dos intestinos ou salteado nas frutas auxiliando a digest\u00e3o e absor\u00e7\u00e3o de nutrientes.<\/p>\n<p><strong>Benef\u00edcios de acordo com Ayurveda:<\/strong><\/p>\n<ul>\n<li>Nutre os nervos e a mente<\/li>\n<li>Como \u00e9 facilmente absorvido pelos tecidos mais profundos, \u00e9 usada como ve\u00edculo\u00a0 para conduzir as ervas e os rem\u00e9dios para as profundezas do corpo.<\/li>\n<li>\u00c9 um \u00f3leo extremamente precioso pois nutre Ojas (nossa for\u00e7a e imunidade). Quando estamos repletos de Ojas, nos sentimos felizes e dispostas para conduzir nossas vidas numa dire\u00e7\u00e3o positiva.<\/li>\n<li>Ajuda na constru\u00e7\u00e3o e manuten\u00e7\u00e3o do Dhatus (nossos tecidos), al\u00e9m de ser pacificador de Vata e Pitta.<\/li>\n<li>Melhora a apar\u00eancia da pele.<\/li>\n<li>Auxilia com a cicatriza\u00e7\u00e3o.<\/li>\n<li>\u00c9 rem\u00e9dio para Ayurveda.<\/li>\n<\/ul>\n<p><em>A manteiga ghee \u00e9 obtida ap\u00f3s a redu\u00e7\u00e3o da manteiga natural sem sal e a nossa Ghee \u00e9 feita pela manh\u00e3 ao som de mantras.<\/em><\/p>\n","protected":false},"excerpt":{"rendered":"<p>Manteiga clarificada de primeira qualidade sem sal. Muito usada na culin\u00e1ria, tratamentos e no detox Anti-ama, a manteiga Ghee \u00e9 considerada rem\u00e9dio para Ayurveda. Por ter uma consist\u00eancia muito parecida com nosso plasma, Ghee chega nas profundezas dos nossos tecidos levando todas as vitaminas, nutrientes e os medicamentos onde precisam chegar Pode ser consumida no [&hellip;]<\/p>\n","protected":false},"featured_media":2661,"comment_status":"open","ping_status":"closed","template":"","meta":{"site-sidebar-layout":"default","site-content-layout":"","ast-site-content-layout":"default","site-content-style":"default","site-sidebar-style":"default","ast-global-header-display":"","ast-banner-title-visibility":"","ast-main-header-display":"","ast-hfb-above-header-display":"","ast-hfb-below-header-display":"","ast-hfb-mobile-header-display":"","site-post-title":"","ast-breadcrumbs-content":"","ast-featured-img":"","footer-sml-layout":"","theme-transparent-header-meta":"default","adv-header-id-meta":"","stick-header-meta":"","header-above-stick-meta":"","header-main-stick-meta":"","header-below-stick-meta":"","astra-migrate-meta-layouts":"set","ast-page-background-enabled":"default","ast-page-background-meta":{"desktop":{"background-color":"","background-image":"","background-repeat":"repeat","background-position":"center center","background-size":"auto","background-attachment":"scroll","background-type":"","background-media":"","overlay-type":"","overlay-color":"","overlay-opacity":"","overlay-gradient":""},"tablet":{"background-color":"","background-image":"","background-repeat":"repeat","background-position":"center center","background-size":"auto","background-attachment":"scroll","background-type":"","background-media":"","overlay-type":"","overlay-color":"","overlay-opacity":"","overlay-gradient":""},"mobile":{"background-color":"","background-image":"","background-repeat":"repeat","background-position":"center center","background-size":"auto","background-attachment":"scroll","background-type":"","background-media":"","overlay-type":"","overlay-color":"","overlay-opacity":"","overlay-gradient":""}},"ast-content-background-meta":{"desktop":{"background-color":"var(--ast-global-color-5)","background-image":"","background-repeat":"repeat","background-position":"center center","background-size":"auto","background-attachment":"scroll","background-type":"","background-media":"","overlay-type":"","overlay-color":"","overlay-opacity":"","overlay-gradient":""},"tablet":{"background-color":"var(--ast-global-color-5)","background-image":"","background-repeat":"repeat","background-position":"center center","background-size":"auto","background-attachment":"scroll","background-type":"","background-media":"","overlay-type":"","overlay-color":"","overlay-opacity":"","overlay-gradient":""},"mobile":{"background-color":"var(--ast-global-color-5)","background-image":"","background-repeat":"repeat","background-position":"center center","background-size":"auto","background-attachment":"scroll","background-type":"","background-media":"","overlay-type":"","overlay-color":"","overlay-opacity":"","overlay-gradient":""}}},"product_brand":[],"product_cat":[26],"product_tag":[],"class_list":{"0":"post-1731","1":"product","2":"type-product","3":"status-publish","4":"has-post-thumbnail","6":"product_cat-dinacharya-rotina-diaria","7":"desktop-align-left","8":"tablet-align-left","9":"mobile-align-center","10":"ast-product-gallery-layout-horizontal-slider","11":"ast-product-tabs-layout-horizontal","13":"first","14":"instock","15":"shipping-taxable","16":"purchasable","17":"product-type-simple"},"_links":{"self":[{"href":"https:\/\/doshasemporio.com.br\/index.php\/wp-json\/wp\/v2\/product\/1731","targetHints":{"allow":["GET"]}}],"collection":[{"href":"https:\/\/doshasemporio.com.br\/index.php\/wp-json\/wp\/v2\/product"}],"about":[{"href":"https:\/\/doshasemporio.com.br\/index.php\/wp-json\/wp\/v2\/types\/product"}],"replies":[{"embeddable":true,"href":"https:\/\/doshasemporio.com.br\/index.php\/wp-json\/wp\/v2\/comments?post=1731"}],"wp:featuredmedia":[{"embeddable":true,"href":"https:\/\/doshasemporio.com.br\/index.php\/wp-json\/wp\/v2\/media\/2661"}],"wp:attachment":[{"href":"https:\/\/doshasemporio.com.br\/index.php\/wp-json\/wp\/v2\/media?parent=1731"}],"wp:term":[{"taxonomy":"product_brand","embeddable":true,"href":"https:\/\/doshasemporio.com.br\/index.php\/wp-json\/wp\/v2\/product_brand?post=1731"},{"taxonomy":"product_cat","embeddable":true,"href":"https:\/\/doshasemporio.com.br\/index.php\/wp-json\/wp\/v2\/product_cat?post=1731"},{"taxonomy":"product_tag","embeddable":true,"href":"https:\/\/doshasemporio.com.br\/index.php\/wp-json\/wp\/v2\/product_tag?post=1731"}],"curies":[{"name":"wp","href":"https:\/\/api.w.org\/{rel}","templated":true}]}}